 j = 25 + t. What is the highest common divisor of 84 and j?
12
Suppose -11*k = -18*k + 231. Calculate the greatest common divisor of 33 and k.
33
Suppose 2*c + 139 = j - 21, -3*j - 2*c + 512 = 0. What is the highest common factor of j and 1792?
56
Let o = -9 + 16. Let d(j) = 2*j - 6. Let q be d(o). Suppose -2*y + q + 58 = 0. Calculate the highest common factor of 11 and y.
11
Let s = -465 + 470. Calculate the highest common divisor of s and 5.
5
Let t = -36 + 71. Calculate the highest common divisor of 20 and t.
5
Let b(o) = 3*o**3 - 11*o**2 + 7. Let y be b(5). What is the highest common divisor of 749 and y?
107
Suppose 0 = j - 4*x, -j + 6*x = x + 1. Suppose -4*p + 53 = 3*q, j = -p + 3*p. What is the greatest common divisor of q and 3?
3
Let z = 429 - 335. What is the greatest common factor of 611 and z?
47
Let o be (24/(-10))/((-33)/220). What is the greatest common divisor of o and 136?
8
Let q = -371 - -382. Calculate the highest common factor of q and 11.
11
Suppose f - 3 = 7. Suppose -4*j + 6*j - f = 0. Suppose -42 = -j*b - 7. What is the greatest common factor of 1 and b?
1
Suppose -3*z - 15 = 0, -91 = -2*r - 4*z + 39. Calculate the highest common divisor of r and 75.
75
Suppose r - 5 = -0*r. Suppose -10 - 3 = -2*k + w, r*k + 4*w - 65 = 0. Calculate the greatest common factor of 18 and k.
9
Suppose 19*r = 17*r + 90. Let j be -1 - 0 - 3*-2. What is the greatest common divisor of r and j?
5
Suppose 3*w - 8 = 4*u, 2*u = -0*w - w + 6. Suppose 6 = -o + 3*o. Suppose -t - 4 = d - 10, 20 = 5*d + o*t. Calculate the highest common divisor of u and d.
1
Suppose 2*w - 33 = 5*c + 40, 4*w - 121 = 5*c. Let f be (-2)/(-5) + 124/(-10). Let n = f + 18. Calculate the greatest common factor of n and w.
6
Suppose -1261 = 16*j - 29*j. What is the greatest common divisor of 5 and j?
1
Suppose -4*l - 373 = -5*h, 0 = -4*h + 3*l - 120 + 419. What is the greatest common factor of 33 and h?
11
Let u be (-8)/((-5)/(675/5)). Calculate the highest common factor of u and 27.
27
Let k = 1129 - 199. Calculate the highest common divisor of k and 60.
30
Suppose -4*c + 5*i = 134, 17*i - 60 = 2*c + 18*i. Let b = 155 + -222. Let v = c - b. Calculate the highest common divisor of v and 90.
18
Let h = 14 + 186. Suppose 2*a + 2*a = 80. Calculate the greatest common factor of a and h.
20
Suppose 0 = 5*c - 16 - 4. Let n = 9 + 11. Let i = n + -4. What is the greatest common factor of c and i?
4
Suppose -3*o + 37 = y, 19 = 4*o + 39. What is the highest common divisor of y and 26?
26
Let f = -38 - -42. Suppose 0 = 8*z - 3*z - 3*u - 82, f*u = -16. Calculate the highest common factor of 2 and z.
2
Let o = -1001 - -1086. What is the highest common divisor of 35 and o?
5
Let i = 14 + -12. Let v be i + -2 + -3 + 10. Let a = v - 1. Calculate the highest common divisor of 6 and a.
6
Let t(z) = 2*z**2 - 10*z - 13. Let q be t(6). Let d be -4 + q + 3 + 10. Calculate the greatest common factor of 8 and d.
8
Let x = -114 - -138. What is the greatest common factor of x and 108?
12
Let z = 5 - -17. Let u be 44/(-36) - -1 - (-4)/18. Let h be (u - -58) + -4 - -1. What is the greatest common factor of z and h?
11
Let o(i) = i**3 + 7*i**2 + 2. Let m be o(-7). Let n(b) = 8*b + 2*b**2 - 4*b**m + 9 + b**2. Let p be n(8). Calculate the highest common divisor of p and 18.
9
Let h be 170*3/(5 - 2 - 0). Calculate the greatest common divisor of h and 10.
10
Let p be (-14012)/(-186) - -2*2/6. Let y be (-2)/(-4)*76/2. What is the highest common divisor of y and p?
19
Suppose -8*o = 20*o - 644. What is the greatest common divisor of 253 and o?
23
Let c = -9 + 4. Let r = 4 - c. Let z(u) = 2*u + 5. Let m be z(r). Calculate the greatest common divisor of m and 184.
23
Suppose -5*k = k - 354. Let h be 2*(k - 9/(-3)). What is the greatest common divisor of 31 and h?
31
Let o = 40 + -44. Let x be (120 - (4 + o)) + 0. Calculate the highest common factor of 12 and x.
12
Suppose i - 629 = -3*q - 2*q, 3*q = 3*i - 1941. What is the greatest common divisor of 28 and i?
28
Suppose -4*h + 42 = -4*l + 6*l, 3*l - 5*h = 19. Suppose 3*y = 3*t + 345, 2*t = -2*y + 159 + 79. What is the greatest common factor of l and y?
13
Let j(b) = -b**2 - 21*b - 4. Let v be j(-4). Let z(t) = 8*t**3 + t**2 - 2*t + 1. Let m be z(1). What is the highest common factor of m and v?
8
Let b = -184 - -214. Calculate the greatest common factor of 30 and b.
30
Let y(s) = -s**3 + 18*s**2 - 31*s - 1. Let t be y(16). What is the greatest common divisor of t and 135?
15
Let u be (1 - -2)*(-11)/(33/(-12)). Suppose -1181 - 451 = -u*k. What is the greatest common factor of k and 17?
17
Suppose -15*z - 182 = -18*z - y, -z + 56 = -2*y. Calculate the highest common divisor of 36 and z.
12
Let p be (-1)/(10/(-18) + 7/14). What is the highest common divisor of p and 414?
18
Suppose -4*u - 36 = -g + 3*g, 3*g - 5*u = -10. Let h be 160/25*g/(-4). Let y = -57 + 169. What is the highest common factor of y and h?
16
Suppose 28*p = 24*p + 8. Suppose 0 = p*o - 5*o. Let h = 14 + o. What is the highest common factor of 56 and h?
14
Suppose 2*g - 6 = 0, 5*g = -2*x + 7*x - 130. Let a = x + -18. Calculate the highest common divisor of 11 and a.
11
Suppose -2*a - 6 = -4*j, j = -4*a + 4*j + 13. Suppose -90 = -a*d + 2*d. Let y = 87 - 33. Calculate the greatest common factor of y and d.
18
Let s(k) be the first derivative of 2*k**4 + k**3/3 + 3*k**2/2 - 3*k + 37. Let b be s(1). Calculate the greatest common factor of b and 99.
9
Suppose -64 + 9 = -11*n. What is the highest common divisor of n and 75?
5
Let h = -7 + 13. Let f = 14 + -9. Suppose -5*x - 25 = -o, -o = f*x - x - 7. What is the greatest common factor of o and h?
3
Suppose 5*q = 86 + 59. Suppose -3 = -4*p + q. Suppose p = 3*f - 10. Calculate the greatest common divisor of 30 and f.
6
Let n be (2 + (-33)/6)*-12. Let u be (0 + 0)/(2 - (5 + -1)). Suppose u = 4*o - 11 - 13. What is the highest common factor of n and o?
6
Let h = -77 - -121. Suppose -q - i + 3 = 0, -q - 3*i = 2*i + 1. What is the highest common factor of h and q?
4
Let n be (-40)/(-16) - 275/(-22). Calculate the greatest common factor of 45 and n.
15
Let o be (-12)/114 - 280/(-133). What is the highest common divisor of o and 64?
2
Suppose 57*b - 1035 = 34*b. Calculate the highest common factor of b and 645.
15
Let f = -1173 - -1355. Calculate the greatest common factor of 78 and f.
26
Let r(s) = -s**2 - 6*s + 9. Let q be r(-8). Let j = 3 - q. Let v be (-10)/6*12*-4. Calculate the highest common divisor of j and v.
10
Suppose 3*d - 5*l = 11, -2*l = -d - 0*l + 2. Calculate the highest common divisor of d and 444.
12
Let y(s) = 83*s - 2. Let z be y(2). Let g be -5 - -5 - (2 - z). What is the highest common factor of g and 18?
18
Let o(y) = 4*y + 233. Let z be o(-28). Suppose 4*h = -b + 13, 33 = b - 0*b - h. Let i = b + z. Calculate the highest common divisor of 25 and i.
25
Let v(p) = 10 - 14*p**2 - 3*p**3 - 3*p**3 - 13*p + 5*p**3. Let q = -241 + 228. Let h be v(q). What is the highest common divisor of 5 and h?
5
Let r(s) be the second derivative of s**3/3 - 7*s**2 - 10*s. Let j be r(9). Suppose 0 = m + j*m - 35. What is the highest common divisor of 63 and m?
7
Let i(o) = -o**3 + 5*o**2 + 5*o. Let b be i(-2). Let c = 39 - -51. Calculate the greatest common divisor of b and c.
18
Suppose -v - 2 = -6. Suppose -4 = -x + v. Let q be (13/(-4) + 1)/(15/(-480)). Calculate the greatest common factor of x and q.
8
Suppose -15*v + 7 + 53 = 0. Calculate the highest common factor of v and 156.
4
Let p = -171 + 183. Calculate the highest common factor of p and 30.
6
Let s = 4 + -4. Suppose 4*a - 12*a = s. Suppose 2*j + 78 = l, -5*l + a*j - 3*j = -403. Calculate the greatest common factor of l and 10.
10
Let w(t) = -11*t**3 + 91*t**2 - 3. Let i be w(8). What is the greatest common factor of i and 72?
9
Let y(d) = 18*d - 26. Let a be y(10). Suppose -18*q + 16*q = -28. Calculate the highest common divisor of a and q.
14
Let t(a) = -4*a**3 - 3*a**2. Suppose -c - 5 = -7*m + 4*m, 5*m - 11 = 3*c. Let u be m/(-2) - 9/6. Let x be t(u). What is the greatest common divisor of 4 and x?
4
Let y(j) = 15*j**3 + 2*j - 4. Let u be y(2). Let c = u + -185. Let l = 100 + c. Calculate the greatest common divisor of l and 35.
35
Let m = -431 + 453. Calculate the greatest common divisor of 